{"version":"1.0","provider_name":"Voisins de l'UE","provider_url":"https:\/\/www.eumedbridge.eu\/fr\/","author_name":"Imen Boudaly","author_url":"https:\/\/www.eumedbridge.eu\/fr\/author\/imen_admin\/","title":"Ve Forum Euromed des jeunes chercheurs - Voisins de l'UE","type":"rich","width":600,"height":338,"html":"<blockquote class=\"wp-embedded-content\" data-secret=\"QIW7OJ2Z9b\"><a href=\"https:\/\/www.eumedbridge.eu\/fr\/news\/launch-of-the-south-programme-v\/\">Ve Forum Euromed des jeunes chercheurs<\/a><\/blockquote><iframe sandbox=\"allow-scripts\" security=\"restricted\" src=\"https:\/\/www.eumedbridge.eu\/fr\/news\/launch-of-the-south-programme-v\/embed\/#?secret=QIW7OJ2Z9b\" width=\"600\" height=\"338\" title=\"\u00ab\u00a0Ve Forum Euromed des jeunes chercheurs\u00a0\u00bb &#8212; Voisins de l&#039;UE\" data-secret=\"QIW7OJ2Z9b\" frameborder=\"0\" marginwidth=\"0\" marginheight=\"0\" scrolling=\"no\" class=\"wp-embedded-content\"><\/iframe><script>\n\/*! This file is auto-generated *\/\n!function(d,l){\"use strict\";l.querySelector&&d.addEventListener&&\"undefined\"!=typeof URL&&(d.wp=d.wp||{},d.wp.receiveEmbedMessage||(d.wp.receiveEmbedMessage=function(e){var t=e.data;if((t||t.secret||t.message||t.value)&&!\/[^a-zA-Z0-9]\/.test(t.secret)){for(var s,r,n,a=l.querySelectorAll('iframe[data-secret=\"'+t.secret+'\"]'),o=l.querySelectorAll('blockquote[data-secret=\"'+t.secret+'\"]'),c=new RegExp(\"^https?:$\",\"i\"),i=0;i<o.length;i++)o[i].style.display=\"none\";for(i=0;i<a.length;i++)s=a[i],e.source===s.contentWindow&&(s.removeAttribute(\"style\"),\"height\"===t.message?(1e3<(r=parseInt(t.value,10))?r=1e3:~~r<200&&(r=200),s.height=r):\"link\"===t.message&&(r=new URL(s.getAttribute(\"src\")),n=new URL(t.value),c.test(n.protocol))&&n.host===r.host&&l.activeElement===s&&(d.top.location.href=t.value))}},d.addEventListener(\"message\",d.wp.receiveEmbedMessage,!1),l.addEventListener(\"DOMContentLoaded\",function(){for(var e,t,s=l.querySelectorAll(\"iframe.wp-embedded-content\"),r=0;r<s.length;r++)(t=(e=s[r]).getAttribute(\"data-secret\"))||(t=Math.random().toString(36).substring(2,12),e.src+=\"#?secret=\"+t,e.setAttribute(\"data-secret\",t)),e.contentWindow.postMessage({message:\"ready\",secret:t},\"*\")},!1)))}(window,document);\n\/\/# sourceURL=https:\/\/www.eumedbridge.eu\/wp-includes\/js\/wp-embed.min.js\n<\/script>\n","thumbnail_url":"https:\/\/www.eumedbridge.eu\/wp-content\/uploads\/2022\/09\/SPV.png","thumbnail_width":870,"thumbnail_height":489,"description":"Dans le cadre de cette \u00e9dition, 24\u00a0participants de toute la r\u00e9gion m\u00e9diterran\u00e9enne et des r\u00e9gions voisines\u00a0se r\u00e9uniront \u00e0 Mollina, en Espagne, pour \u00e9changer avec des d\u00e9cideurs politiques, des professionnels et d\u2019autres jeunes experts sur des questions cl\u00e9s concernant la zone euro-m\u00e9diterran\u00e9enne et contribuer \u00e0 l\u2019\u00e9laboration des politiques dans la r\u00e9gion. Le Forum Euromed des jeunes [&hellip;]"}

Dans le cadre de cette édition, 24 participants de toute la région méditerranéenne et des régions voisines se réuniront à Mollina, en Espagne, pour échanger avec des décideurs politiques, des professionnels et d’autres jeunes experts sur des questions clés concernant la zone euro-méditerranéenne et contribuer à l’élaboration des politiques dans la région. Le Forum Euromed des jeunes [&hellip;]
