{"version":"1.0","provider_name":"Voisins de l'UE","provider_url":"https:\/\/www.eumedbridge.eu\/fr\/","author_name":"Nidhal Battikh","author_url":"https:\/\/www.eumedbridge.eu\/fr\/author\/nidhal_admin\/","title":"Semaines de la diplomatie climatique\u00a02021 - Voisins de l'UE","type":"rich","width":600,"height":338,"html":"<blockquote class=\"wp-embedded-content\" data-secret=\"6LfnlWe81D\"><a href=\"https:\/\/www.eumedbridge.eu\/fr\/news\/semaines-de-la-diplomatie-climatique-2021\/\">Semaines de la diplomatie climatique\u00a02021<\/a><\/blockquote><iframe sandbox=\"allow-scripts\" security=\"restricted\" src=\"https:\/\/www.eumedbridge.eu\/fr\/news\/semaines-de-la-diplomatie-climatique-2021\/embed\/#?secret=6LfnlWe81D\" width=\"600\" height=\"338\" title=\"\u00ab\u00a0Semaines de la diplomatie climatique\u00a02021\u00a0\u00bb &#8212; Voisins de l&#039;UE\" data-secret=\"6LfnlWe81D\" frameborder=\"0\" marginwidth=\"0\" marginheight=\"0\" scrolling=\"no\" class=\"wp-embedded-content\"><\/iframe><script>\n\/*! This file is auto-generated *\/\n!function(d,l){\"use strict\";l.querySelector&&d.addEventListener&&\"undefined\"!=typeof URL&&(d.wp=d.wp||{},d.wp.receiveEmbedMessage||(d.wp.receiveEmbedMessage=function(e){var t=e.data;if((t||t.secret||t.message||t.value)&&!\/[^a-zA-Z0-9]\/.test(t.secret)){for(var s,r,n,a=l.querySelectorAll('iframe[data-secret=\"'+t.secret+'\"]'),o=l.querySelectorAll('blockquote[data-secret=\"'+t.secret+'\"]'),c=new RegExp(\"^https?:$\",\"i\"),i=0;i<o.length;i++)o[i].style.display=\"none\";for(i=0;i<a.length;i++)s=a[i],e.source===s.contentWindow&&(s.removeAttribute(\"style\"),\"height\"===t.message?(1e3<(r=parseInt(t.value,10))?r=1e3:~~r<200&&(r=200),s.height=r):\"link\"===t.message&&(r=new URL(s.getAttribute(\"src\")),n=new URL(t.value),c.test(n.protocol))&&n.host===r.host&&l.activeElement===s&&(d.top.location.href=t.value))}},d.addEventListener(\"message\",d.wp.receiveEmbedMessage,!1),l.addEventListener(\"DOMContentLoaded\",function(){for(var e,t,s=l.querySelectorAll(\"iframe.wp-embedded-content\"),r=0;r<s.length;r++)(t=(e=s[r]).getAttribute(\"data-secret\"))||(t=Math.random().toString(36).substring(2,12),e.src+=\"#?secret=\"+t,e.setAttribute(\"data-secret\",t)),e.contentWindow.postMessage({message:\"ready\",secret:t},\"*\")},!1)))}(window,document);\n\/\/# sourceURL=https:\/\/www.eumedbridge.eu\/wp-includes\/js\/wp-embed.min.js\n<\/script>\n","thumbnail_url":"https:\/\/www.eumedbridge.eu\/wp-content\/uploads\/2022\/03\/20210928.jpg","thumbnail_width":1904,"thumbnail_height":1000,"description":"Du 27\u00a0septembre au 17\u00a0octobre, les d\u00e9l\u00e9gations et ambassades des \u00c9tats membres de l\u2019UE dans le monde organiseront des \u00e9v\u00e9nements pour encourager le dialogue et la coop\u00e9ration sur le changement climatique, pr\u00e9senter les plus belles r\u00e9ussites et susciter de nouvelles actions. Dans ce cadre, des conf\u00e9rences, des d\u00e9bats citoyens et autres activit\u00e9s de sensibilisation seront organis\u00e9s, [&hellip;]"}

Du 27 septembre au 17 octobre, les délégations et ambassades des États membres de l’UE dans le monde organiseront des événements pour encourager le dialogue et la coopération sur le changement climatique, présenter les plus belles réussites et susciter de nouvelles actions. Dans ce cadre, des conférences, des débats citoyens et autres activités de sensibilisation seront organisés, [&hellip;]
