{"version":"1.0","provider_name":"Voisins de l'UE","provider_url":"https:\/\/www.eumedbridge.eu\/fr\/","author_name":"Ahmed Wertani","author_url":"https:\/\/www.eumedbridge.eu\/fr\/author\/ahmedwertani\/","title":"Moments forts de l'\u00e9v\u00e9nement phare #EUJeelConnect en Tunisie - Voisins de l'UE","type":"rich","width":600,"height":338,"html":"<blockquote class=\"wp-embedded-content\" data-secret=\"L0EO18vuP9\"><a href=\"https:\/\/www.eumedbridge.eu\/fr\/video\/moments-forts-de-levenement-phare-eujeelconnect-en-tunisie\/\">Moments forts de l&rsquo;\u00e9v\u00e9nement phare #EUJeelConnect en Tunisie<\/a><\/blockquote><iframe sandbox=\"allow-scripts\" security=\"restricted\" src=\"https:\/\/www.eumedbridge.eu\/fr\/video\/moments-forts-de-levenement-phare-eujeelconnect-en-tunisie\/embed\/#?secret=L0EO18vuP9\" width=\"600\" height=\"338\" title=\"\u00ab\u00a0Moments forts de l&rsquo;\u00e9v\u00e9nement phare #EUJeelConnect en Tunisie\u00a0\u00bb &#8212; Voisins de l&#039;UE\" data-secret=\"L0EO18vuP9\" frameborder=\"0\" marginwidth=\"0\" marginheight=\"0\" scrolling=\"no\" class=\"wp-embedded-content\"><\/iframe><script>\n\/*! This file is auto-generated *\/\n!function(d,l){\"use strict\";l.querySelector&&d.addEventListener&&\"undefined\"!=typeof URL&&(d.wp=d.wp||{},d.wp.receiveEmbedMessage||(d.wp.receiveEmbedMessage=function(e){var t=e.data;if((t||t.secret||t.message||t.value)&&!\/[^a-zA-Z0-9]\/.test(t.secret)){for(var s,r,n,a=l.querySelectorAll('iframe[data-secret=\"'+t.secret+'\"]'),o=l.querySelectorAll('blockquote[data-secret=\"'+t.secret+'\"]'),c=new RegExp(\"^https?:$\",\"i\"),i=0;i<o.length;i++)o[i].style.display=\"none\";for(i=0;i<a.length;i++)s=a[i],e.source===s.contentWindow&&(s.removeAttribute(\"style\"),\"height\"===t.message?(1e3<(r=parseInt(t.value,10))?r=1e3:~~r<200&&(r=200),s.height=r):\"link\"===t.message&&(r=new URL(s.getAttribute(\"src\")),n=new URL(t.value),c.test(n.protocol))&&n.host===r.host&&l.activeElement===s&&(d.top.location.href=t.value))}},d.addEventListener(\"message\",d.wp.receiveEmbedMessage,!1),l.addEventListener(\"DOMContentLoaded\",function(){for(var e,t,s=l.querySelectorAll(\"iframe.wp-embedded-content\"),r=0;r<s.length;r++)(t=(e=s[r]).getAttribute(\"data-secret\"))||(t=Math.random().toString(36).substring(2,12),e.src+=\"#?secret=\"+t,e.setAttribute(\"data-secret\",t)),e.contentWindow.postMessage({message:\"ready\",secret:t},\"*\")},!1)))}(window,document);\n\/\/# sourceURL=https:\/\/www.eumedbridge.eu\/wp-includes\/js\/wp-embed.min.js\n<\/script>\n","thumbnail_url":"https:\/\/www.eumedbridge.eu\/wp-content\/uploads\/2023\/11\/highlights-of-the-eujeelconnect.jpg","thumbnail_width":1280,"thumbnail_height":720,"description":"D\u00e9couvrez les moments forts de l&rsquo;\u00e9v\u00e9nement phare #EUJeelConnect en Tunisie, une c\u00e9l\u00e9bration des id\u00e9es et des opportunit\u00e9s \ud83c\uddea\ud83c\uddfa\ud83c\uddf9\ud83c\uddf3. Nous sommes ravis de partager cette vid\u00e9o inspirante mettant en avant la passion, la cr\u00e9ativit\u00e9 et le d\u00e9vouement de la jeunesse tunisienne alors qu&rsquo;elle collaborait sur cinq th\u00e8mes cruciaux : l&rsquo;entrepreneuriat, les comp\u00e9tences, l&rsquo;\u00e9conomie verte, le genre [&hellip;]"}

Moments forts de l'événement phare #EUJeelConnect en Tunisie - Voisins de l'UE

<blockquote class="wp-embedded-content" data-secret="L0EO18vuP9"><a href="https://www.eumedbridge.eu/fr/video/moments-forts-de-levenement-phare-eujeelconnect-en-tunisie/">Moments forts de l&rsquo;événement phare #EUJeelConnect en Tunisie</a></blockquote><iframe sandbox="allow-scripts" security="restricted" src="https://www.eumedbridge.eu/fr/video/moments-forts-de-levenement-phare-eujeelconnect-en-tunisie/embed/#?secret=L0EO18vuP9" width="600" height="338" title="« Moments forts de l&rsquo;événement phare #EUJeelConnect en Tunisie » &#8212; Voisins de l&#039;UE" data-secret="L0EO18vuP9" frameborder="0" marginwidth="0" marginheight="0" scrolling="no" class="wp-embedded-content"></iframe><script>
/*! This file is auto-generated */
!function(d,l){"use strict";l.querySelector&&d.addEventListener&&"undefined"!=typeof URL&&(d.wp=d.wp||{},d.wp.receiveEmbedMessage||(d.wp.receiveEmbedMessage=function(e){var t=e.data;if((t||t.secret||t.message||t.value)&&!/[^a-zA-Z0-9]/.test(t.secret)){for(var s,r,n,a=l.querySelectorAll('iframe[data-secret="'+t.secret+'"]'),o=l.querySelectorAll('blockquote[data-secret="'+t.secret+'"]'),c=new RegExp("^https?:$","i"),i=0;i<o.length;i++)o[i].style.display="none";for(i=0;i<a.length;i++)s=a[i],e.source===s.contentWindow&&(s.removeAttribute("style"),"height"===t.message?(1e3<(r=parseInt(t.value,10))?r=1e3:~~r<200&&(r=200),s.height=r):"link"===t.message&&(r=new URL(s.getAttribute("src")),n=new URL(t.value),c.test(n.protocol))&&n.host===r.host&&l.activeElement===s&&(d.top.location.href=t.value))}},d.addEventListener("message",d.wp.receiveEmbedMessage,!1),l.addEventListener("DOMContentLoaded",function(){for(var e,t,s=l.querySelectorAll("iframe.wp-embedded-content"),r=0;r<s.length;r++)(t=(e=s[r]).getAttribute("data-secret"))||(t=Math.random().toString(36).substring(2,12),e.src+="#?secret="+t,e.setAttribute("data-secret",t)),e.contentWindow.postMessage({message:"ready",secret:t},"*")},!1)))}(window,document);
//# sourceURL=https://www.eumedbridge.eu/wp-includes/js/wp-embed.min.js
</script>

Découvrez les moments forts de l&rsquo;événement phare #EUJeelConnect en Tunisie, une célébration des idées et des opportunités 🇪🇺🇹🇳. Nous sommes ravis de partager cette vidéo inspirante mettant en avant la passion, la créativité et le dévouement de la jeunesse tunisienne alors qu&rsquo;elle collaborait sur cinq thèmes cruciaux : l&rsquo;entrepreneuriat, les compétences, l&rsquo;économie verte, le genre [&hellip;]
