{"id":168209,"date":"2018-08-28T00:00:00","date_gmt":"2018-08-27T21:00:00","guid":{"rendered":"http:\/\/south.euneighbours.eu\/opportunity\/couverture-journalistique-sur-la-migration-seminaire-de-production-pour-les-journalistes-tunisiens\/"},"modified":"2022-07-07T18:31:43","modified_gmt":"2022-07-07T15:31:43","slug":"couverture-journalistique-sur-la-migration-seminaire-de","status":"publish","type":"opportunity","link":"https:\/\/www.eumedbridge.eu\/fr\/opportunity\/couverture-journalistique-sur-la-migration-seminaire-de\/","title":{"rendered":"Couverture journalistique sur la migration: S\u00e9minaire de production pour les journalistes tunisiens"},"content":{"rendered":"<p><strong>Du 17 au 19 septembre 2018,<\/strong> les projets Open Media Hub et EuroMed Migration 4, financ\u00e9s par l\u2019UE, organisent un s\u00e9minaire de formation de trois jours sur la <strong>production de reportages sur les questions de migration<\/strong>, destin\u00e9 aux journalistes des m\u00e9dias audiovisuels. Le s\u00e9minaire proposera des outils de couverture directement utilisables destin\u00e9s \u00e0 am\u00e9liorer les comp\u00e9tences des journalistes et des responsables effectuant la couverture journalistique de la migration. L\u2019objectif principal est de renforcer les connaissances et les comp\u00e9tences des journalistes en Tunisie afin d\u2019apporter un meilleur \u00e9quilibre de leurs sujets et dans leur impact sur la perception publique de la migration.<\/p>\n<p>Les candidats sont invit\u00e9s \u00e0 soumettre une proposition de sujets qu\u2019ils ont l\u2019intention de finaliser au cours des sessions. Les dossiers seront diffus\u00e9s \/ publi\u00e9s sur leurs propres m\u00e9dias et mis \u00e0 disposition sur la plate-forme et sur le site internet de l\u2019Open Media Hub, pour faciliter les \u00e9changes de production, au niveau local et international. En outre, les candidats s\u00e9lectionn\u00e9es seront pri\u00e9s de prendre connaissance du manuel <strong>Migration et m\u00e9dias : un guide du journaliste<\/strong>\u00a0 et d\u2019obtenir le certificat de r\u00e9ussite du cours en ligne d\u00e9di\u00e9 \u00e0 la migration offert par l\u2019Open Media Hub. Les liens n\u00e9cessaires leurs seront fournis. Pendant la formation, les \u00e9quipes participantes sont invit\u00e9es \u00e0 utiliser leurs propres mat\u00e9riels de tournage et de montage.<\/p>\n<p><strong>Magda Abu-Fadil<\/strong><\/p>\n<p>Avec le soutien du cameraman\/monteur <strong>David Hands<\/strong>, la formation sera assur\u00e9e par <strong>Magda Abu-Fadil<\/strong>, directrice de Media Un<\/p>\n<p>limited, ancienne correspondante \u00e0 l\u2019\u00e9tranger de l\u2019Agence France-Presse et de United Press International, Asharq Al-Awsat et Al Riyadh, ancienne directrice du programme de formation au journalisme \u00e0 l<\/p>\n<p>\u2019Universit\u00e9 Am\u00e9ricaine de Beyrouth. Abu-Fadil a enseign\u00e9 \u00e0 l\u2019Universit\u00e9 Am\u00e9ricaine de Washington et a travaill\u00e9 comme correspondante \u00e0 Washington pour Defence News, magazine Events, The Middle East Magazine. Abu-Fadil a \u00e9t\u00e9 aussi directrice de l\u2019Institut des journalistes professionnels de l\u2019Universit\u00e9 Libanaise Am\u00e9ricaine. Elle a r\u00e9dig\u00e9 le manuel Migration and Media: A Journalist\u2019s Handbook et le cours en ligne de l\u2019Open Media Hub.<\/p>\n<p>Le s\u00e9minaire d\u00e9butera par de courtes pr\u00e9sentations d\u2019un repr\u00e9sentant du gouvernement Tunisien sur les politiques gouvernementales, le professeur Abdellatif Bensfia, directeur adjoint de la ISIC, Maroc; un repr\u00e9sentant de la d\u00e9l\u00e9gation de l\u2019UE en Tunisie et les auteurs des lignes directrices du r\u00e9seau Ethical Journalism \u2013 ICMPD sur <a href=\"https:\/\/ethicaljournalismnetwork.org\/resources\/publications\/media-trafficking-guidelines\">le signalement de la traite des personnes<\/a>.<\/p>\n<p>\u00a0<\/p>\n","protected":false},"featured_media":0,"parent":0,"template":"","opportunity_category":[2054],"country":[1955],"special_action":[],"custom_tag":[1897],"class_list":["post-168209","opportunity","type-opportunity","status-publish","hentry","country-tunisie","custom_tag-medias"],"acf":[],"yoast_head":"<!-- This site is optimized with the Yoast SEO plugin v26.5 - https:\/\/yoast.com\/wordpress\/plugins\/seo\/ -->\n<title>Couverture journalistique sur la migration: S\u00e9minaire de production pour les journalistes tunisiens - Voisins de l&#039;UE<\/title>\n<meta name=\"robots\" content=\"index, follow, max-snippet:-1, max-image-preview:large, max-video-preview:-1\" \/>\n<link rel=\"canonical\" href=\"https:\/\/www.eumedbridge.eu\/fr\/opportunity\/couverture-journalistique-sur-la-migration-seminaire-de\/\" \/>\n<meta property=\"og:locale\" content=\"fr_FR\" \/>\n<meta property=\"og:type\" content=\"article\" \/>\n<meta property=\"og:title\" content=\"Couverture journalistique sur la migration: S\u00e9minaire de production pour les journalistes tunisiens - Voisins de l&#039;UE\" \/>\n<meta property=\"og:description\" content=\"Du 17 au 19 septembre 2018, les projets Open Media Hub et EuroMed Migration 4, financ\u00e9s par l\u2019UE, organisent un s\u00e9minaire de formation de trois jours sur la production de reportages sur les questions de migration, destin\u00e9 aux journalistes des m\u00e9dias audiovisuels. Le s\u00e9minaire proposera des outils de couverture directement utilisables destin\u00e9s \u00e0 am\u00e9liorer les [&hellip;]\" \/>\n<meta property=\"og:url\" content=\"https:\/\/www.eumedbridge.eu\/fr\/opportunity\/couverture-journalistique-sur-la-migration-seminaire-de\/\" \/>\n<meta property=\"og:site_name\" content=\"Voisins de l&#039;UE\" \/>\n<meta property=\"article:publisher\" content=\"https:\/\/www.facebook.com\/eumedbridge\/\" \/>\n<meta property=\"article:modified_time\" content=\"2022-07-07T15:31:43+00:00\" \/>\n<meta property=\"og:image\" content=\"https:\/\/www.eumedbridge.eu\/wp-content\/uploads\/2022\/03\/open-media-hub_1.jpg\" \/>\n\t<meta property=\"og:image:width\" content=\"320\" \/>\n\t<meta property=\"og:image:height\" content=\"320\" \/>\n\t<meta property=\"og:image:type\" content=\"image\/jpeg\" \/>\n<meta name=\"twitter:card\" content=\"summary_large_image\" \/>\n<meta name=\"twitter:site\" content=\"@eumedbridge\" \/>\n<meta name=\"twitter:label1\" content=\"Dur\u00e9e de lecture estim\u00e9e\" \/>\n\t<meta name=\"twitter:data1\" content=\"2 minutes\" \/>\n<script type=\"application\/ld+json\" class=\"yoast-schema-graph\">{\"@context\":\"https:\/\/schema.org\",\"@graph\":[{\"@type\":\"WebPage\",\"@id\":\"https:\/\/www.eumedbridge.eu\/fr\/opportunity\/couverture-journalistique-sur-la-migration-seminaire-de\/\",\"url\":\"https:\/\/www.eumedbridge.eu\/fr\/opportunity\/couverture-journalistique-sur-la-migration-seminaire-de\/\",\"name\":\"Couverture journalistique sur la migration: S\u00e9minaire de production pour les journalistes tunisiens - Voisins de l'UE\",\"isPartOf\":{\"@id\":\"https:\/\/www.eumedbridge.eu\/#website\"},\"datePublished\":\"2018-08-27T21:00:00+00:00\",\"dateModified\":\"2022-07-07T15:31:43+00:00\",\"breadcrumb\":{\"@id\":\"https:\/\/www.eumedbridge.eu\/fr\/opportunity\/couverture-journalistique-sur-la-migration-seminaire-de\/#breadcrumb\"},\"inLanguage\":\"fr-FR\",\"potentialAction\":[{\"@type\":\"ReadAction\",\"target\":[\"https:\/\/www.eumedbridge.eu\/fr\/opportunity\/couverture-journalistique-sur-la-migration-seminaire-de\/\"]}]},{\"@type\":\"BreadcrumbList\",\"@id\":\"https:\/\/www.eumedbridge.eu\/fr\/opportunity\/couverture-journalistique-sur-la-migration-seminaire-de\/#breadcrumb\",\"itemListElement\":[{\"@type\":\"ListItem\",\"position\":1,\"name\":\"Home\",\"item\":\"https:\/\/www.eumedbridge.eu\/fr\/home-page\/\"},{\"@type\":\"ListItem\",\"position\":2,\"name\":\"Opportunities\",\"item\":\"https:\/\/www.eumedbridge.eu\/opportunity\/\"},{\"@type\":\"ListItem\",\"position\":3,\"name\":\"Couverture journalistique sur la migration: S\u00e9minaire de production pour les journalistes tunisiens\"}]},{\"@type\":\"WebSite\",\"@id\":\"https:\/\/www.eumedbridge.eu\/#website\",\"url\":\"https:\/\/www.eumedbridge.eu\/\",\"name\":\"EU Medbridge\",\"description\":\"\",\"publisher\":{\"@id\":\"https:\/\/www.eumedbridge.eu\/#organization\"},\"potentialAction\":[{\"@type\":\"SearchAction\",\"target\":{\"@type\":\"EntryPoint\",\"urlTemplate\":\"https:\/\/www.eumedbridge.eu\/?s={search_term_string}\"},\"query-input\":{\"@type\":\"PropertyValueSpecification\",\"valueRequired\":true,\"valueName\":\"search_term_string\"}}],\"inLanguage\":\"fr-FR\"},{\"@type\":\"Organization\",\"@id\":\"https:\/\/www.eumedbridge.eu\/#organization\",\"name\":\"EU Medbridge\",\"url\":\"https:\/\/www.eumedbridge.eu\/\",\"logo\":{\"@type\":\"ImageObject\",\"inLanguage\":\"fr-FR\",\"@id\":\"https:\/\/www.eumedbridge.eu\/#\/schema\/logo\/image\/\",\"url\":\"https:\/\/www.eumedbridge.eu\/wp-content\/uploads\/2021\/12\/Logo.png\",\"contentUrl\":\"https:\/\/www.eumedbridge.eu\/wp-content\/uploads\/2021\/12\/Logo.png\",\"width\":325,\"height\":114,\"caption\":\"EU Medbridge\"},\"image\":{\"@id\":\"https:\/\/www.eumedbridge.eu\/#\/schema\/logo\/image\/\"},\"sameAs\":[\"https:\/\/www.facebook.com\/eumedbridge\/\",\"https:\/\/x.com\/eumedbridge\",\"https:\/\/www.linkedin.com\/company\/eumedbridge\",\"https:\/\/www.youtube.com\/@eumedbridge\",\"https:\/\/www.instagram.com\/eumedbridge\",\"https:\/\/www.flickr.com\/photos\/euneighbours-south\/\"]}]}<\/script>\n<!-- \/ Yoast SEO plugin. -->","yoast_head_json":{"title":"Couverture journalistique sur la migration: S\u00e9minaire de production pour les journalistes tunisiens - Voisins de l'UE","robots":{"index":"index","follow":"follow","max-snippet":"max-snippet:-1","max-image-preview":"max-image-preview:large","max-video-preview":"max-video-preview:-1"},"canonical":"https:\/\/www.eumedbridge.eu\/fr\/opportunity\/couverture-journalistique-sur-la-migration-seminaire-de\/","og_locale":"fr_FR","og_type":"article","og_title":"Couverture journalistique sur la migration: S\u00e9minaire de production pour les journalistes tunisiens - Voisins de l'UE","og_description":"Du 17 au 19 septembre 2018, les projets Open Media Hub et EuroMed Migration 4, financ\u00e9s par l\u2019UE, organisent un s\u00e9minaire de formation de trois jours sur la production de reportages sur les questions de migration, destin\u00e9 aux journalistes des m\u00e9dias audiovisuels. Le s\u00e9minaire proposera des outils de couverture directement utilisables destin\u00e9s \u00e0 am\u00e9liorer les [&hellip;]","og_url":"https:\/\/www.eumedbridge.eu\/fr\/opportunity\/couverture-journalistique-sur-la-migration-seminaire-de\/","og_site_name":"Voisins de l'UE","article_publisher":"https:\/\/www.facebook.com\/eumedbridge\/","article_modified_time":"2022-07-07T15:31:43+00:00","og_image":[{"width":320,"height":320,"url":"https:\/\/www.eumedbridge.eu\/wp-content\/uploads\/2022\/03\/open-media-hub_1.jpg","type":"image\/jpeg"}],"twitter_card":"summary_large_image","twitter_site":"@eumedbridge","twitter_misc":{"Dur\u00e9e de lecture estim\u00e9e":"2 minutes"},"schema":{"@context":"https:\/\/schema.org","@graph":[{"@type":"WebPage","@id":"https:\/\/www.eumedbridge.eu\/fr\/opportunity\/couverture-journalistique-sur-la-migration-seminaire-de\/","url":"https:\/\/www.eumedbridge.eu\/fr\/opportunity\/couverture-journalistique-sur-la-migration-seminaire-de\/","name":"Couverture journalistique sur la migration: S\u00e9minaire de production pour les journalistes tunisiens - Voisins de l'UE","isPartOf":{"@id":"https:\/\/www.eumedbridge.eu\/#website"},"datePublished":"2018-08-27T21:00:00+00:00","dateModified":"2022-07-07T15:31:43+00:00","breadcrumb":{"@id":"https:\/\/www.eumedbridge.eu\/fr\/opportunity\/couverture-journalistique-sur-la-migration-seminaire-de\/#breadcrumb"},"inLanguage":"fr-FR","potentialAction":[{"@type":"ReadAction","target":["https:\/\/www.eumedbridge.eu\/fr\/opportunity\/couverture-journalistique-sur-la-migration-seminaire-de\/"]}]},{"@type":"BreadcrumbList","@id":"https:\/\/www.eumedbridge.eu\/fr\/opportunity\/couverture-journalistique-sur-la-migration-seminaire-de\/#breadcrumb","itemListElement":[{"@type":"ListItem","position":1,"name":"Home","item":"https:\/\/www.eumedbridge.eu\/fr\/home-page\/"},{"@type":"ListItem","position":2,"name":"Opportunities","item":"https:\/\/www.eumedbridge.eu\/opportunity\/"},{"@type":"ListItem","position":3,"name":"Couverture journalistique sur la migration: S\u00e9minaire de production pour les journalistes tunisiens"}]},{"@type":"WebSite","@id":"https:\/\/www.eumedbridge.eu\/#website","url":"https:\/\/www.eumedbridge.eu\/","name":"EU Medbridge","description":"","publisher":{"@id":"https:\/\/www.eumedbridge.eu\/#organization"},"potentialAction":[{"@type":"SearchAction","target":{"@type":"EntryPoint","urlTemplate":"https:\/\/www.eumedbridge.eu\/?s={search_term_string}"},"query-input":{"@type":"PropertyValueSpecification","valueRequired":true,"valueName":"search_term_string"}}],"inLanguage":"fr-FR"},{"@type":"Organization","@id":"https:\/\/www.eumedbridge.eu\/#organization","name":"EU Medbridge","url":"https:\/\/www.eumedbridge.eu\/","logo":{"@type":"ImageObject","inLanguage":"fr-FR","@id":"https:\/\/www.eumedbridge.eu\/#\/schema\/logo\/image\/","url":"https:\/\/www.eumedbridge.eu\/wp-content\/uploads\/2021\/12\/Logo.png","contentUrl":"https:\/\/www.eumedbridge.eu\/wp-content\/uploads\/2021\/12\/Logo.png","width":325,"height":114,"caption":"EU Medbridge"},"image":{"@id":"https:\/\/www.eumedbridge.eu\/#\/schema\/logo\/image\/"},"sameAs":["https:\/\/www.facebook.com\/eumedbridge\/","https:\/\/x.com\/eumedbridge","https:\/\/www.linkedin.com\/company\/eumedbridge","https:\/\/www.youtube.com\/@eumedbridge","https:\/\/www.instagram.com\/eumedbridge","https:\/\/www.flickr.com\/photos\/euneighbours-south\/"]}]}},"_links":{"self":[{"href":"https:\/\/www.eumedbridge.eu\/fr\/wp-json\/wp\/v2\/opportunity\/168209","targetHints":{"allow":["GET"]}}],"collection":[{"href":"https:\/\/www.eumedbridge.eu\/fr\/wp-json\/wp\/v2\/opportunity"}],"about":[{"href":"https:\/\/www.eumedbridge.eu\/fr\/wp-json\/wp\/v2\/types\/opportunity"}],"wp:attachment":[{"href":"https:\/\/www.eumedbridge.eu\/fr\/wp-json\/wp\/v2\/media?parent=168209"}],"wp:term":[{"taxonomy":"opportunity_category","embeddable":true,"href":"https:\/\/www.eumedbridge.eu\/fr\/wp-json\/wp\/v2\/opportunity_category?post=168209"},{"taxonomy":"country","embeddable":true,"href":"https:\/\/www.eumedbridge.eu\/fr\/wp-json\/wp\/v2\/country?post=168209"},{"taxonomy":"special_action","embeddable":true,"href":"https:\/\/www.eumedbridge.eu\/fr\/wp-json\/wp\/v2\/special_action?post=168209"},{"taxonomy":"custom_tag","embeddable":true,"href":"https:\/\/www.eumedbridge.eu\/fr\/wp-json\/wp\/v2\/custom_tag?post=168209"}],"curies":[{"name":"wp","href":"https:\/\/api.w.org\/{rel}","templated":true}]}}

Couverture journalistique sur la migration: Séminaire de production pour les journalistes tunisiens

<p><strong>Du 17 au 19 septembre 2018,</strong> les projets Open Media Hub et EuroMed Migration 4, financés par l’UE, organisent un séminaire de formation de trois jours sur la <strong>production de reportages sur les questions de migration</strong>, destiné aux journalistes des médias audiovisuels. Le séminaire proposera des outils de couverture directement utilisables destinés à améliorer les compétences des journalistes et des responsables effectuant la couverture journalistique de la migration. L’objectif principal est de renforcer les connaissances et les compétences des journalistes en Tunisie afin d’apporter un meilleur équilibre de leurs sujets et dans leur impact sur la perception publique de la migration.</p>
<p>Les candidats sont invités à soumettre une proposition de sujets qu’ils ont l’intention de finaliser au cours des sessions. Les dossiers seront diffusés / publiés sur leurs propres médias et mis à disposition sur la plate-forme et sur le site internet de l’Open Media Hub, pour faciliter les échanges de production, au niveau local et international. En outre, les candidats sélectionnées seront priés de prendre connaissance du manuel <strong>Migration et médias : un guide du journaliste</strong>  et d’obtenir le certificat de réussite du cours en ligne dédié à la migration offert par l’Open Media Hub. Les liens nécessaires leurs seront fournis. Pendant la formation, les équipes participantes sont invitées à utiliser leurs propres matériels de tournage et de montage.</p>
<p><strong>Magda Abu-Fadil</strong></p>
<p>Avec le soutien du cameraman/monteur <strong>David Hands</strong>, la formation sera assurée par <strong>Magda Abu-Fadil</strong>, directrice de Media Un</p>
<p>limited, ancienne correspondante à l’étranger de l’Agence France-Presse et de United Press International, Asharq Al-Awsat et Al Riyadh, ancienne directrice du programme de formation au journalisme à l</p>
<p>’Université Américaine de Beyrouth. Abu-Fadil a enseigné à l’Université Américaine de Washington et a travaillé comme correspondante à Washington pour Defence News, magazine Events, The Middle East Magazine. Abu-Fadil a été aussi directrice de l’Institut des journalistes professionnels de l’Université Libanaise Américaine. Elle a rédigé le manuel Migration and Media: A Journalist’s Handbook et le cours en ligne de l’Open Media Hub.</p>
<p>Le séminaire débutera par de courtes présentations d’un représentant du gouvernement Tunisien sur les politiques gouvernementales, le professeur Abdellatif Bensfia, directeur adjoint de la ISIC, Maroc; un représentant de la délégation de l’UE en Tunisie et les auteurs des lignes directrices du réseau Ethical Journalism – ICMPD sur <a href="https://ethicaljournalismnetwork.org/resources/publications/media-trafficking-guidelines">le signalement de la traite des personnes</a>.</p>
<p> </p>

<!-- This site is optimized with the Yoast SEO plugin v26.5 - https://yoast.com/wordpress/plugins/seo/ -->
<title>Couverture journalistique sur la migration: Séminaire de production pour les journalistes tunisiens - Voisins de l&#039;UE</title>
<meta name="robots" content="index, follow, max-snippet:-1, max-image-preview:large, max-video-preview:-1" />
<link rel="canonical" href="https://www.eumedbridge.eu/fr/opportunity/couverture-journalistique-sur-la-migration-seminaire-de/" />
<meta property="og:locale" content="fr_FR" />
<meta property="og:type" content="article" />
<meta property="og:title" content="Couverture journalistique sur la migration: Séminaire de production pour les journalistes tunisiens - Voisins de l&#039;UE" />
<meta property="og:description" content="Du 17 au 19 septembre 2018, les projets Open Media Hub et EuroMed Migration 4, financés par l’UE, organisent un séminaire de formation de trois jours sur la production de reportages sur les questions de migration, destiné aux journalistes des médias audiovisuels. Le séminaire proposera des outils de couverture directement utilisables destinés à améliorer les [&hellip;]" />
<meta property="og:url" content="https://www.eumedbridge.eu/fr/opportunity/couverture-journalistique-sur-la-migration-seminaire-de/" />
<meta property="og:site_name" content="Voisins de l&#039;UE" />
<meta property="article:publisher" content="https://www.facebook.com/eumedbridge/" />
<meta property="article:modified_time" content="2022-07-07T15:31:43+00:00" />
<meta property="og:image" content="https://www.eumedbridge.eu/wp-content/uploads/2022/03/open-media-hub_1.jpg" />
	<meta property="og:image:width" content="320" />
	<meta property="og:image:height" content="320" />
	<meta property="og:image:type" content="image/jpeg" />
<meta name="twitter:card" content="summary_large_image" />
<meta name="twitter:site" content="@eumedbridge" />
<meta name="twitter:label1" content="Durée de lecture estimée" />
	<meta name="twitter:data1" content="2 minutes" />
<script type="application/ld+json" class="yoast-schema-graph">{"@context":"https://schema.org","@graph":[{"@type":"WebPage","@id":"https://www.eumedbridge.eu/fr/opportunity/couverture-journalistique-sur-la-migration-seminaire-de/","url":"https://www.eumedbridge.eu/fr/opportunity/couverture-journalistique-sur-la-migration-seminaire-de/","name":"Couverture journalistique sur la migration: Séminaire de production pour les journalistes tunisiens - Voisins de l'UE","isPartOf":{"@id":"https://www.eumedbridge.eu/#website"},"datePublished":"2018-08-27T21:00:00+00:00","dateModified":"2022-07-07T15:31:43+00:00","breadcrumb":{"@id":"https://www.eumedbridge.eu/fr/opportunity/couverture-journalistique-sur-la-migration-seminaire-de/#breadcrumb"},"inLanguage":"fr-FR","potentialAction":[{"@type":"ReadAction","target":["https://www.eumedbridge.eu/fr/opportunity/couverture-journalistique-sur-la-migration-seminaire-de/"]}]},{"@type":"BreadcrumbList","@id":"https://www.eumedbridge.eu/fr/opportunity/couverture-journalistique-sur-la-migration-seminaire-de/#breadcrumb","itemListElement":[{"@type":"ListItem","position":1,"name":"Home","item":"https://www.eumedbridge.eu/fr/home-page/"},{"@type":"ListItem","position":2,"name":"Opportunities","item":"https://www.eumedbridge.eu/opportunity/"},{"@type":"ListItem","position":3,"name":"Couverture journalistique sur la migration: Séminaire de production pour les journalistes tunisiens"}]},{"@type":"WebSite","@id":"https://www.eumedbridge.eu/#website","url":"https://www.eumedbridge.eu/","name":"EU Medbridge","description":"","publisher":{"@id":"https://www.eumedbridge.eu/#organization"},"potentialAction":[{"@type":"SearchAction","target":{"@type":"EntryPoint","urlTemplate":"https://www.eumedbridge.eu/?s={search_term_string}"},"query-input":{"@type":"PropertyValueSpecification","valueRequired":true,"valueName":"search_term_string"}}],"inLanguage":"fr-FR"},{"@type":"Organization","@id":"https://www.eumedbridge.eu/#organization","name":"EU Medbridge","url":"https://www.eumedbridge.eu/","logo":{"@type":"ImageObject","inLanguage":"fr-FR","@id":"https://www.eumedbridge.eu/#/schema/logo/image/","url":"https://www.eumedbridge.eu/wp-content/uploads/2021/12/Logo.png","contentUrl":"https://www.eumedbridge.eu/wp-content/uploads/2021/12/Logo.png","width":325,"height":114,"caption":"EU Medbridge"},"image":{"@id":"https://www.eumedbridge.eu/#/schema/logo/image/"},"sameAs":["https://www.facebook.com/eumedbridge/","https://x.com/eumedbridge","https://www.linkedin.com/company/eumedbridge","https://www.youtube.com/@eumedbridge","https://www.instagram.com/eumedbridge","https://www.flickr.com/photos/euneighbours-south/"]}]}</script>
<!-- / Yoast SEO plugin. -->

Couverture journalistique sur la migration: Séminaire de production pour les journalistes tunisiens - Voisins de l'UE

Du 17 au 19 septembre 2018, les projets Open Media Hub et EuroMed Migration 4, financés par l’UE, organisent un séminaire de formation de trois jours sur la production de reportages sur les questions de migration, destiné aux journalistes des médias audiovisuels. Le séminaire proposera des outils de couverture directement utilisables destinés à améliorer les [&hellip;]
